{"id":64,"date":"2015-04-07T17:47:28","date_gmt":"2015-04-07T15:47:28","guid":{"rendered":"http:\/\/www.citykirche-delmenhorst.de\/wp\/?page_id=64"},"modified":"2026-03-13T17:29:04","modified_gmt":"2026-03-13T16:29:04","slug":"startseite","status":"publish","type":"page","link":"https:\/\/www.citykirche-delmenhorst.de\/","title":{"rendered":"Startseite"},"content":{"rendered":"\n<p>Das Veranstaltungsprogramm f\u00fcr das erste Halbjahr bis Sommer ist in Arbeit!<\/p>\n\n\n\n<p><\/p>\n\n\n\n<p>Was ist Citykirchenarbeit?<br>Citykirchenarbeit ist ein Projekt in Innenstadtkirchen mit dem Ziel, Passanten zu einem Zugang bzw. Einblick in Kirchengeb\u00e4ude zu motivieren. Wie der Name schon sagt, findet diese Arbeit in der &#8222;City&#8220; statt, in der Innenstadt f\u00fcr die ganze Stadt. Daf\u00fcr konnten wir in den vergangenen Jahren viele kirchliche und nicht-kirchliche Kooperationspartner gewinnen und viele Aktionen durchf\u00fchren. Dies soll auch so weitergehen. &#8222;Citykirchenarbeit&#8220; oder katholisch &#8222;Citypastoral&#8220; ist dabei ein seit Jahrzehnten gepr\u00e4gter Begriff f\u00fcr diesen besonderen kirchlichen Arbeitsbereich. Wir haben ihn bewusst \u00fcbernommen, um Projekte der Citykirchenarbeit mit eigenem Logo von den vielen anderen Angeboten an der Stadtkirche zu unterscheiden und einzuordnen. Wir freuen uns auf weitere spannende Projekte in einer technisch modernisierten und strukturell umgestalteten Stadtkirche und wir freuen uns auf Ihren Besuch!<\/p>\n","protected":false},"excerpt":{"rendered":"<p>Das Veranstaltungsprogramm f\u00fcr das erste Halbjahr bis Sommer ist in Arbeit! Was ist Citykirchenarbeit?Citykirchenarbeit ist ein Projekt in Innenstadtkirchen mit dem Ziel, Passanten zu einem Zugang bzw. Einblick in Kirchengeb\u00e4ude zu motivieren. Wie der Name &hellip; <a href=\"https:\/\/www.citykirche-delmenhorst.de\/\">Weiterlesen<\/a><\/p>\n","protected":false},"author":1,"featured_media":0,"parent":0,"menu_order":0,"comment_status":"closed","ping_status":"closed","template":"fullwidth.php","meta":[],"_links":{"self":[{"href":"https:\/\/www.citykirche-delmenhorst.de\/index.php?rest_route=\/wp\/v2\/pages\/64"}],"collection":[{"href":"https:\/\/www.citykirche-delmenhorst.de\/index.php?rest_route=\/wp\/v2\/pages"}],"about":[{"href":"https:\/\/www.citykirche-delmenhorst.de\/index.php?rest_route=\/wp\/v2\/types\/page"}],"author":[{"embeddable":true,"href":"https:\/\/www.citykirche-delmenhorst.de\/index.php?rest_route=\/wp\/v2\/users\/1"}],"replies":[{"embeddable":true,"href":"https:\/\/www.citykirche-delmenhorst.de\/index.php?rest_route=%2Fwp%2Fv2%2Fcomments&post=64"}],"version-history":[{"count":47,"href":"https:\/\/www.citykirche-delmenhorst.de\/index.php?rest_route=\/wp\/v2\/pages\/64\/revisions"}],"predecessor-version":[{"id":715,"href":"https:\/\/www.citykirche-delmenhorst.de\/index.php?rest_route=\/wp\/v2\/pages\/64\/revisions\/715"}],"wp:attachment":[{"href":"https:\/\/www.citykirche-delmenhorst.de\/index.php?rest_route=%2Fwp%2Fv2%2Fmedia&parent=64"}],"curies":[{"name":"wp","href":"https:\/\/api.w.org\/{rel}","templated":true}]}}